{"id":11006,"date":"2022-10-15T18:14:50","date_gmt":"2022-10-15T16:14:50","guid":{"rendered":"https:\/\/ticino-gastronomico.ch\/evento\/geschmaecker-und-wissen-2022\/"},"modified":"2022-10-15T18:51:57","modified_gmt":"2022-10-15T16:51:57","slug":"geschmaecker-und-wissen-2022","status":"publish","type":"mec-events","link":"https:\/\/ticino-gastronomico.ch\/de\/evento\/geschmaecker-und-wissen-2022\/","title":{"rendered":"Geschm\u00e4cker und Wissen 2022"},"content":{"rendered":"<p>Alpinavera pr\u00e4sentiert die 21. Ausgabe der Sapori &amp; Saperi in Bellinzona. Die Ausstellung f\u00fcr Agrar- und Ern\u00e4hrungsprodukte ist wieder da.<\/p>\n<p>Die Veranstaltung findet von Freitag, 21. bis Sonntag, 23. Oktober auf dem Mercato Coperto in Giubiasco statt.<\/p>\n<p>F\u00fcr weitere Informationen <a href=\"https:\/\/www.sapori-saperi.ch\/\" target=\"_blank\" rel=\"noopener\">siehe<\/a><\/p>\n","protected":false},"excerpt":{"rendered":"<p>Alpinavera pr\u00e4sentiert die 21. Ausgabe der Sapori &amp; Saperi in Bellinzona. Die Ausstellung f\u00fcr Agrar- und Ern\u00e4hrungsprodukte ist wieder da. Die Veranstaltung findet von Freitag, 21. bis Sonntag, 23. Oktober auf dem Mercato Coperto in Giubiasco statt. F\u00fcr weitere Informationen siehe<\/p>\n","protected":false},"author":656,"featured_media":11004,"comment_status":"open","ping_status":"closed","template":"","mec_category":[],"mec_tag":[289,290,287,291,288],"class_list":["post-11006","mec-events","type-mec-events","status-publish","has-post-thumbnail","hentry","mec_tag-mercato-coperto-giubiasco","mec_tag-prodotti-alimentari-ticinesi","mec_tag-prodotti-genuini","mec_tag-rassegna-agroalimentare","mec_tag-ticino"],"acf":[],"_links":{"self":[{"href":"https:\/\/ticino-gastronomico.ch\/de\/wp-json\/wp\/v2\/mec-events\/11006","targetHints":{"allow":["GET"]}}],"collection":[{"href":"https:\/\/ticino-gastronomico.ch\/de\/wp-json\/wp\/v2\/mec-events"}],"about":[{"href":"https:\/\/ticino-gastronomico.ch\/de\/wp-json\/wp\/v2\/types\/mec-events"}],"author":[{"embeddable":true,"href":"https:\/\/ticino-gastronomico.ch\/de\/wp-json\/wp\/v2\/users\/656"}],"replies":[{"embeddable":true,"href":"https:\/\/ticino-gastronomico.ch\/de\/wp-json\/wp\/v2\/comments?post=11006"}],"wp:featuredmedia":[{"embeddable":true,"href":"https:\/\/ticino-gastronomico.ch\/de\/wp-json\/wp\/v2\/media\/11004"}],"wp:attachment":[{"href":"https:\/\/ticino-gastronomico.ch\/de\/wp-json\/wp\/v2\/media?parent=11006"}],"wp:term":[{"taxonomy":"mec_category","embeddable":true,"href":"https:\/\/ticino-gastronomico.ch\/de\/wp-json\/wp\/v2\/mec_category?post=11006"},{"taxonomy":"mec_tag","embeddable":true,"href":"https:\/\/ticino-gastronomico.ch\/de\/wp-json\/wp\/v2\/mec_tag?post=11006"}],"curies":[{"name":"wp","href":"https:\/\/api.w.org\/{rel}","templated":true}]}}

Geschmäcker und Wissen 2022

<p>Alpinavera präsentiert die 21. Ausgabe der Sapori &amp; Saperi in Bellinzona. Die Ausstellung für Agrar- und Ernährungsprodukte ist wieder da.</p>
<p>Die Veranstaltung findet von Freitag, 21. bis Sonntag, 23. Oktober auf dem Mercato Coperto in Giubiasco statt.</p>
<p>Für weitere Informationen <a href="https://www.sapori-saperi.ch/" target="_blank" rel="noopener">siehe</a></p>

<p>Alpinavera präsentiert die 21. Ausgabe der Sapori &amp; Saperi in Bellinzona. Die Ausstellung für Agrar- und Ernährungsprodukte ist wieder da. Die Veranstaltung findet von Freitag, 21. bis Sonntag, 23. Oktober auf dem Mercato Coperto in Giubiasco statt. Für weitere Informationen siehe</p>
