{"id":31633,"date":"2023-05-27T16:42:08","date_gmt":"2023-05-27T14:42:08","guid":{"rendered":"https:\/\/ticino-gastronomico.ch\/evento\/moesano-gastronomische-ueberpruefung\/"},"modified":"2024-05-16T22:38:16","modified_gmt":"2024-05-16T20:38:16","slug":"moesano-gastronomische-ueberpruefung","status":"publish","type":"mec-events","link":"https:\/\/ticino-gastronomico.ch\/de\/evento\/moesano-gastronomische-ueberpruefung\/","title":{"rendered":"Misox Gastro Festival"},"content":{"rendered":"<h3>Good Taste kehrt <strong>von Samstag, den 25. Mai bis Sonntag, den 23. Juni 2024<\/strong> zur\u00fcck!<\/h3>\n<p>Der Protagonist des gastronomischen Ereignisses ist das Terroir von Misox und Calanca, an dem 14 Restaurants und Grotti in der gesamten Region beteiligt sind, in Mesolcina von San Vittore bis San Bernardino und im Calanca-Tal in Castaneda und Arvigo.<\/p>\n<p>Gerichte, die mit frischen, lokalen Produkten zubereitet werden, dank der Rohstoffe, die von den Produzenten der beiden s\u00fcdlichen Alpent\u00e4ler angeboten werden. Eine Kombination, die an die Br\u00e4uche und die gastronomische Geschichte der Region erinnert und mit einer Prise Kreativit\u00e4t versehen ist.<\/p>\n<p>Kunden, denen die in der Zeitschrift angebotenen Men\u00fcs schmecken, k\u00f6nnen am Ende der Zeitschrift einen k\u00f6stlichen Korb mit lokalen Produkten mit nach Hause nehmen, da sie die M\u00f6glichkeit haben, an dem Wettbewerb teilzunehmen. Die Zuteilung erfolgt durch Auslosung und f\u00fcr jedes teilnehmende Restaurant.<\/p>\n","protected":false},"excerpt":{"rendered":"<p>Good Taste kehrt von Samstag, den 25. Mai bis Sonntag, den 23. Juni 2024 zur\u00fcck! Der Protagonist des gastronomischen Ereignisses ist das Terroir von Misox und Calanca, an dem 14 Restaurants und Grotti in der gesamten Region beteiligt sind, in Mesolcina von San Vittore bis San Bernardino und im Calanca-Tal in Castaneda und Arvigo. Gerichte, [&hellip;]<\/p>\n","protected":false},"author":656,"featured_media":54071,"comment_status":"open","ping_status":"closed","template":"","mec_category":[],"mec_tag":[659,661,660,198],"class_list":["post-31633","mec-events","type-mec-events","status-publish","has-post-thumbnail","hentry","mec_tag-eventi-enogastronomici","mec_tag-la-buona-cucina-ticinese","mec_tag-mangiare-e-bere-in-ticino","mec_tag-rassegna-gastronomica"],"acf":[],"_links":{"self":[{"href":"https:\/\/ticino-gastronomico.ch\/de\/wp-json\/wp\/v2\/mec-events\/31633","targetHints":{"allow":["GET"]}}],"collection":[{"href":"https:\/\/ticino-gastronomico.ch\/de\/wp-json\/wp\/v2\/mec-events"}],"about":[{"href":"https:\/\/ticino-gastronomico.ch\/de\/wp-json\/wp\/v2\/types\/mec-events"}],"author":[{"embeddable":true,"href":"https:\/\/ticino-gastronomico.ch\/de\/wp-json\/wp\/v2\/users\/656"}],"replies":[{"embeddable":true,"href":"https:\/\/ticino-gastronomico.ch\/de\/wp-json\/wp\/v2\/comments?post=31633"}],"wp:featuredmedia":[{"embeddable":true,"href":"https:\/\/ticino-gastronomico.ch\/de\/wp-json\/wp\/v2\/media\/54071"}],"wp:attachment":[{"href":"https:\/\/ticino-gastronomico.ch\/de\/wp-json\/wp\/v2\/media?parent=31633"}],"wp:term":[{"taxonomy":"mec_category","embeddable":true,"href":"https:\/\/ticino-gastronomico.ch\/de\/wp-json\/wp\/v2\/mec_category?post=31633"},{"taxonomy":"mec_tag","embeddable":true,"href":"https:\/\/ticino-gastronomico.ch\/de\/wp-json\/wp\/v2\/mec_tag?post=31633"}],"curies":[{"name":"wp","href":"https:\/\/api.w.org\/{rel}","templated":true}]}}

<h3>Good Taste kehrt <strong>von Samstag, den 25. Mai bis Sonntag, den 23. Juni 2024</strong> zurück!</h3>
<p>Der Protagonist des gastronomischen Ereignisses ist das Terroir von Misox und Calanca, an dem 14 Restaurants und Grotti in der gesamten Region beteiligt sind, in Mesolcina von San Vittore bis San Bernardino und im Calanca-Tal in Castaneda und Arvigo.</p>
<p>Gerichte, die mit frischen, lokalen Produkten zubereitet werden, dank der Rohstoffe, die von den Produzenten der beiden südlichen Alpentäler angeboten werden. Eine Kombination, die an die Bräuche und die gastronomische Geschichte der Region erinnert und mit einer Prise Kreativität versehen ist.</p>
<p>Kunden, denen die in der Zeitschrift angebotenen Menüs schmecken, können am Ende der Zeitschrift einen köstlichen Korb mit lokalen Produkten mit nach Hause nehmen, da sie die Möglichkeit haben, an dem Wettbewerb teilzunehmen. Die Zuteilung erfolgt durch Auslosung und für jedes teilnehmende Restaurant.</p>

<p>Good Taste kehrt von Samstag, den 25. Mai bis Sonntag, den 23. Juni 2024 zurück! Der Protagonist des gastronomischen Ereignisses ist das Terroir von Misox und Calanca, an dem 14 Restaurants und Grotti in der gesamten Region beteiligt sind, in Mesolcina von San Vittore bis San Bernardino und im Calanca-Tal in Castaneda und Arvigo. Gerichte, [&hellip;]</p>
