{"id":10991,"date":"2022-10-15T16:58:09","date_gmt":"2022-10-15T14:58:09","guid":{"rendered":"https:\/\/ticino-gastronomico.ch\/evento\/marche-du-fromage\/"},"modified":"2022-10-15T17:12:32","modified_gmt":"2022-10-15T15:12:32","slug":"marche-du-fromage","status":"publish","type":"mec-events","link":"https:\/\/ticino-gastronomico.ch\/fr\/evento\/marche-du-fromage\/","title":{"rendered":"March\u00e9 du fromage"},"content":{"rendered":"<p>Le centre ville de Bellinzona accueillera de nombreux stands o\u00f9 seront expos\u00e9s les fromages d&rsquo;alpage du Tessin et de la Mesolcina, fruit du travail des alpagistes pendant les mois d&rsquo;\u00e9t\u00e9 sur les diff\u00e9rents alpages. Compte tenu de la p\u00e9riode, cette revue est l&rsquo;une des premi\u00e8res apr\u00e8s le d\u00e9chargement des alpages, en fait la plupart des alpages ont \u00e9t\u00e9 d\u00e9charg\u00e9s en septembre, mais certains se sont prolong\u00e9s jusqu&rsquo;\u00e0 d\u00e9but octobre, donc juste avant la revue. L&rsquo;un &#8211; ou peut-\u00eatre le &#8211; plus grand march\u00e9 proposant des fromages d&rsquo;alpage, une vari\u00e9t\u00e9 de fromages de vache et de ch\u00e8vre et des m\u00e9langes de vache et de ch\u00e8vre sont expos\u00e9s.<\/p>\n","protected":false},"excerpt":{"rendered":"<p>Le centre ville de Bellinzona accueillera de nombreux stands o\u00f9 seront expos\u00e9s les fromages d&rsquo;alpage du Tessin et de la Mesolcina, fruit du travail des alpagistes pendant les mois d&rsquo;\u00e9t\u00e9 sur les diff\u00e9rents alpages. Compte tenu de la p\u00e9riode, cette revue est l&rsquo;une des premi\u00e8res apr\u00e8s le d\u00e9chargement des alpages, en fait la plupart des [&hellip;]<\/p>\n","protected":false},"author":656,"featured_media":10986,"comment_status":"open","ping_status":"closed","template":"","mec_category":[],"mec_tag":[275,279,276,277,278,274],"class_list":["post-10991","mec-events","type-mec-events","status-publish","has-post-thumbnail","hentry","mec_tag-bellinzona","mec_tag-formagella","mec_tag-formaggini","mec_tag-formaggio-dalpe","mec_tag-formaggio-ticinese","mec_tag-mercato"],"acf":[],"_links":{"self":[{"href":"https:\/\/ticino-gastronomico.ch\/fr\/wp-json\/wp\/v2\/mec-events\/10991","targetHints":{"allow":["GET"]}}],"collection":[{"href":"https:\/\/ticino-gastronomico.ch\/fr\/wp-json\/wp\/v2\/mec-events"}],"about":[{"href":"https:\/\/ticino-gastronomico.ch\/fr\/wp-json\/wp\/v2\/types\/mec-events"}],"author":[{"embeddable":true,"href":"https:\/\/ticino-gastronomico.ch\/fr\/wp-json\/wp\/v2\/users\/656"}],"replies":[{"embeddable":true,"href":"https:\/\/ticino-gastronomico.ch\/fr\/wp-json\/wp\/v2\/comments?post=10991"}],"wp:featuredmedia":[{"embeddable":true,"href":"https:\/\/ticino-gastronomico.ch\/fr\/wp-json\/wp\/v2\/media\/10986"}],"wp:attachment":[{"href":"https:\/\/ticino-gastronomico.ch\/fr\/wp-json\/wp\/v2\/media?parent=10991"}],"wp:term":[{"taxonomy":"mec_category","embeddable":true,"href":"https:\/\/ticino-gastronomico.ch\/fr\/wp-json\/wp\/v2\/mec_category?post=10991"},{"taxonomy":"mec_tag","embeddable":true,"href":"https:\/\/ticino-gastronomico.ch\/fr\/wp-json\/wp\/v2\/mec_tag?post=10991"}],"curies":[{"name":"wp","href":"https:\/\/api.w.org\/{rel}","templated":true}]}}

Marché du fromage

<p>Le centre ville de Bellinzona accueillera de nombreux stands où seront exposés les fromages d&rsquo;alpage du Tessin et de la Mesolcina, fruit du travail des alpagistes pendant les mois d&rsquo;été sur les différents alpages. Compte tenu de la période, cette revue est l&rsquo;une des premières après le déchargement des alpages, en fait la plupart des alpages ont été déchargés en septembre, mais certains se sont prolongés jusqu&rsquo;à début octobre, donc juste avant la revue. L&rsquo;un &#8211; ou peut-être le &#8211; plus grand marché proposant des fromages d&rsquo;alpage, une variété de fromages de vache et de chèvre et des mélanges de vache et de chèvre sont exposés.</p>

<p>Le centre ville de Bellinzona accueillera de nombreux stands où seront exposés les fromages d&rsquo;alpage du Tessin et de la Mesolcina, fruit du travail des alpagistes pendant les mois d&rsquo;été sur les différents alpages. Compte tenu de la période, cette revue est l&rsquo;une des premières après le déchargement des alpages, en fait la plupart des [&hellip;]</p>
