{"id":11007,"date":"2022-10-15T18:14:50","date_gmt":"2022-10-15T16:14:50","guid":{"rendered":"https:\/\/ticino-gastronomico.ch\/evento\/saveurs-et-connaissances-2022\/"},"modified":"2022-10-15T18:51:53","modified_gmt":"2022-10-15T16:51:53","slug":"saveurs-et-connaissances-2022","status":"publish","type":"mec-events","link":"https:\/\/ticino-gastronomico.ch\/fr\/evento\/saveurs-et-connaissances-2022\/","title":{"rendered":"Saveurs et connaissances 2022"},"content":{"rendered":"<p>Alpinavera pr\u00e9sentera la 21e \u00e9dition de Sapori &amp; Saperi \u00e0 Bellinzona. L&rsquo;exposition consacr\u00e9e aux produits agroalimentaires est de retour.<\/p>\n<p>L&rsquo;\u00e9v\u00e9nement aura lieu du vendredi 21 au dimanche 23 octobre au Mercato Coperto de Giubiasco.<\/p>\n<p>Pour plus d&rsquo;informations <a href=\"https:\/\/www.sapori-saperi.ch\/\" target=\"_blank\" rel=\"noopener\">, voir<\/a><\/p>\n","protected":false},"excerpt":{"rendered":"<p>Alpinavera pr\u00e9sentera la 21e \u00e9dition de Sapori &amp; Saperi \u00e0 Bellinzona. L&rsquo;exposition consacr\u00e9e aux produits agroalimentaires est de retour. L&rsquo;\u00e9v\u00e9nement aura lieu du vendredi 21 au dimanche 23 octobre au Mercato Coperto de Giubiasco. Pour plus d&rsquo;informations , voir<\/p>\n","protected":false},"author":656,"featured_media":11003,"comment_status":"open","ping_status":"closed","template":"","mec_category":[],"mec_tag":[289,290,287,291,288],"class_list":["post-11007","mec-events","type-mec-events","status-publish","has-post-thumbnail","hentry","mec_tag-mercato-coperto-giubiasco","mec_tag-prodotti-alimentari-ticinesi","mec_tag-prodotti-genuini","mec_tag-rassegna-agroalimentare","mec_tag-ticino"],"acf":[],"_links":{"self":[{"href":"https:\/\/ticino-gastronomico.ch\/fr\/wp-json\/wp\/v2\/mec-events\/11007","targetHints":{"allow":["GET"]}}],"collection":[{"href":"https:\/\/ticino-gastronomico.ch\/fr\/wp-json\/wp\/v2\/mec-events"}],"about":[{"href":"https:\/\/ticino-gastronomico.ch\/fr\/wp-json\/wp\/v2\/types\/mec-events"}],"author":[{"embeddable":true,"href":"https:\/\/ticino-gastronomico.ch\/fr\/wp-json\/wp\/v2\/users\/656"}],"replies":[{"embeddable":true,"href":"https:\/\/ticino-gastronomico.ch\/fr\/wp-json\/wp\/v2\/comments?post=11007"}],"wp:featuredmedia":[{"embeddable":true,"href":"https:\/\/ticino-gastronomico.ch\/fr\/wp-json\/wp\/v2\/media\/11003"}],"wp:attachment":[{"href":"https:\/\/ticino-gastronomico.ch\/fr\/wp-json\/wp\/v2\/media?parent=11007"}],"wp:term":[{"taxonomy":"mec_category","embeddable":true,"href":"https:\/\/ticino-gastronomico.ch\/fr\/wp-json\/wp\/v2\/mec_category?post=11007"},{"taxonomy":"mec_tag","embeddable":true,"href":"https:\/\/ticino-gastronomico.ch\/fr\/wp-json\/wp\/v2\/mec_tag?post=11007"}],"curies":[{"name":"wp","href":"https:\/\/api.w.org\/{rel}","templated":true}]}}

<p>Alpinavera présentera la 21e édition de Sapori &amp; Saperi à Bellinzona. L&rsquo;exposition consacrée aux produits agroalimentaires est de retour.</p>
<p>L&rsquo;événement aura lieu du vendredi 21 au dimanche 23 octobre au Mercato Coperto de Giubiasco.</p>
<p>Pour plus d&rsquo;informations <a href="https://www.sapori-saperi.ch/" target="_blank" rel="noopener">, voir</a></p>

<p>Alpinavera présentera la 21e édition de Sapori &amp; Saperi à Bellinzona. L&rsquo;exposition consacrée aux produits agroalimentaires est de retour. L&rsquo;événement aura lieu du vendredi 21 au dimanche 23 octobre au Mercato Coperto de Giubiasco. Pour plus d&rsquo;informations , voir</p>
