{"id":24025,"date":"2023-03-12T17:48:41","date_gmt":"2023-03-12T16:48:41","guid":{"rendered":"https:\/\/ticino-gastronomico.ch\/evento\/fete-de-la-saint-joseph-a-ligornetto\/"},"modified":"2023-03-12T17:48:48","modified_gmt":"2023-03-12T16:48:48","slug":"fete-de-la-saint-joseph-a-ligornetto","status":"publish","type":"mec-events","link":"https:\/\/ticino-gastronomico.ch\/fr\/evento\/fete-de-la-saint-joseph-a-ligornetto\/","title":{"rendered":"F\u00eate de la Saint-Joseph \u00e0 Ligornetto"},"content":{"rendered":"<p>Le 19 mars, comme chaque ann\u00e9e, au d\u00e9but du printemps, la traditionnelle f\u00eate de la Saint-Joseph sera renouvel\u00e9e.<br \/>\nDe nombreux croyants et touristes animeront le cimeti\u00e8re de la petite \u00e9glise d\u00e9di\u00e9e au saint d\u00e8s les premi\u00e8res heures du matin, en parcourant les nombreux stands o\u00f9 l&rsquo;on trouve de tout, des sucreries \u00e0 l&rsquo;\u00e9picerie fine, des tissus aux fleurs et des jouets pour les enfants.<\/p>\n<p>Les plus d\u00e9vots, mais aussi de nombreux curieux, visiteront la belle \u00e9glise, assisteront \u00e0 la messe et prieront le saint patron.<br \/>\nLa f\u00eate se poursuivra ensuite sur la prairie environnante, sous les acclamations de la Philharmonie municipale et avec des mets savoureux.<br \/>\nLes tortelli traditionnels, pr\u00e9par\u00e9s selon une recette ancienne et d\u00e9sormais c\u00e9l\u00e8bres dans tout le canton, ne manqueront pas.<\/p>\n","protected":false},"excerpt":{"rendered":"<p>Le 19 mars, comme chaque ann\u00e9e, au d\u00e9but du printemps, la traditionnelle f\u00eate de la Saint-Joseph sera renouvel\u00e9e. De nombreux croyants et touristes animeront le cimeti\u00e8re de la petite \u00e9glise d\u00e9di\u00e9e au saint d\u00e8s les premi\u00e8res heures du matin, en parcourant les nombreux stands o\u00f9 l&rsquo;on trouve de tout, des sucreries \u00e0 l&rsquo;\u00e9picerie fine, des [&hellip;]<\/p>\n","protected":false},"author":656,"featured_media":24022,"comment_status":"open","ping_status":"closed","template":"","mec_category":[],"mec_tag":[189,290,291,399,400],"class_list":["post-24025","mec-events","type-mec-events","status-publish","has-post-thumbnail","hentry","mec_tag-gastronomia","mec_tag-prodotti-alimentari-ticinesi","mec_tag-rassegna-agroalimentare","mec_tag-sagra","mec_tag-tortelli"],"acf":[],"_links":{"self":[{"href":"https:\/\/ticino-gastronomico.ch\/fr\/wp-json\/wp\/v2\/mec-events\/24025","targetHints":{"allow":["GET"]}}],"collection":[{"href":"https:\/\/ticino-gastronomico.ch\/fr\/wp-json\/wp\/v2\/mec-events"}],"about":[{"href":"https:\/\/ticino-gastronomico.ch\/fr\/wp-json\/wp\/v2\/types\/mec-events"}],"author":[{"embeddable":true,"href":"https:\/\/ticino-gastronomico.ch\/fr\/wp-json\/wp\/v2\/users\/656"}],"replies":[{"embeddable":true,"href":"https:\/\/ticino-gastronomico.ch\/fr\/wp-json\/wp\/v2\/comments?post=24025"}],"wp:featuredmedia":[{"embeddable":true,"href":"https:\/\/ticino-gastronomico.ch\/fr\/wp-json\/wp\/v2\/media\/24022"}],"wp:attachment":[{"href":"https:\/\/ticino-gastronomico.ch\/fr\/wp-json\/wp\/v2\/media?parent=24025"}],"wp:term":[{"taxonomy":"mec_category","embeddable":true,"href":"https:\/\/ticino-gastronomico.ch\/fr\/wp-json\/wp\/v2\/mec_category?post=24025"},{"taxonomy":"mec_tag","embeddable":true,"href":"https:\/\/ticino-gastronomico.ch\/fr\/wp-json\/wp\/v2\/mec_tag?post=24025"}],"curies":[{"name":"wp","href":"https:\/\/api.w.org\/{rel}","templated":true}]}}

Fête de la Saint-Joseph à Ligornetto

<p>Le 19 mars, comme chaque année, au début du printemps, la traditionnelle fête de la Saint-Joseph sera renouvelée.<br />
De nombreux croyants et touristes animeront le cimetière de la petite église dédiée au saint dès les premières heures du matin, en parcourant les nombreux stands où l&rsquo;on trouve de tout, des sucreries à l&rsquo;épicerie fine, des tissus aux fleurs et des jouets pour les enfants.</p>
<p>Les plus dévots, mais aussi de nombreux curieux, visiteront la belle église, assisteront à la messe et prieront le saint patron.<br />
La fête se poursuivra ensuite sur la prairie environnante, sous les acclamations de la Philharmonie municipale et avec des mets savoureux.<br />
Les tortelli traditionnels, préparés selon une recette ancienne et désormais célèbres dans tout le canton, ne manqueront pas.</p>

<p>Le 19 mars, comme chaque année, au début du printemps, la traditionnelle fête de la Saint-Joseph sera renouvelée. De nombreux croyants et touristes animeront le cimetière de la petite église dédiée au saint dès les premières heures du matin, en parcourant les nombreux stands où l&rsquo;on trouve de tout, des sucreries à l&rsquo;épicerie fine, des [&hellip;]</p>
