{"id":31635,"date":"2023-05-27T16:42:08","date_gmt":"2023-05-27T14:42:08","guid":{"rendered":"https:\/\/ticino-gastronomico.ch\/evento\/revue-gastronomique-de-moesano\/"},"modified":"2024-05-16T22:38:15","modified_gmt":"2024-05-16T20:38:15","slug":"revue-gastronomique-de-moesano","status":"publish","type":"mec-events","link":"https:\/\/ticino-gastronomico.ch\/fr\/evento\/revue-gastronomique-de-moesano\/","title":{"rendered":"Revue gastronomique de Moesano"},"content":{"rendered":"<h3>Good Taste revient <strong>du samedi 25 mai au dimanche 23 juin 2024<\/strong>!<\/h3>\n<p>Le protagoniste de l&rsquo;\u00e9v\u00e9nement gastronomique est le terroir de la Mesolcina et de la Calanca, qui implique 14 restaurants et grotti r\u00e9partis dans toute la r\u00e9gion, en Mesolcina, de San Vittore \u00e0 San Bernardino, et dans la vall\u00e9e de la Calanca, \u00e0 Castaneda et Arvigo.<\/p>\n<p>Des plats pr\u00e9par\u00e9s avec des produits frais et locaux, gr\u00e2ce aux mati\u00e8res premi\u00e8res offertes par les producteurs des deux vall\u00e9es alpines m\u00e9ridionales. Une combinaison qui \u00e9voque les coutumes et l&rsquo;histoire gastronomique de la r\u00e9gion avec une pinc\u00e9e de cr\u00e9ativit\u00e9.<\/p>\n<p>Les clients qui appr\u00e9cieront les menus propos\u00e9s dans la revue pourront repartir avec un d\u00e9licieux panier de produits locaux \u00e0 la fin de la revue, gr\u00e2ce \u00e0 la possibilit\u00e9 de participer au concours. L&rsquo;attribution se fera par tirage au sort et pour chaque restaurant participant.<\/p>\n","protected":false},"excerpt":{"rendered":"<p>Good Taste revient du samedi 25 mai au dimanche 23 juin 2024! Le protagoniste de l&rsquo;\u00e9v\u00e9nement gastronomique est le terroir de la Mesolcina et de la Calanca, qui implique 14 restaurants et grotti r\u00e9partis dans toute la r\u00e9gion, en Mesolcina, de San Vittore \u00e0 San Bernardino, et dans la vall\u00e9e de la Calanca, \u00e0 Castaneda [&hellip;]<\/p>\n","protected":false},"author":656,"featured_media":54070,"comment_status":"open","ping_status":"closed","template":"","mec_category":[],"mec_tag":[659,661,660,198],"class_list":["post-31635","mec-events","type-mec-events","status-publish","has-post-thumbnail","hentry","mec_tag-eventi-enogastronomici","mec_tag-la-buona-cucina-ticinese","mec_tag-mangiare-e-bere-in-ticino","mec_tag-rassegna-gastronomica"],"acf":[],"_links":{"self":[{"href":"https:\/\/ticino-gastronomico.ch\/fr\/wp-json\/wp\/v2\/mec-events\/31635","targetHints":{"allow":["GET"]}}],"collection":[{"href":"https:\/\/ticino-gastronomico.ch\/fr\/wp-json\/wp\/v2\/mec-events"}],"about":[{"href":"https:\/\/ticino-gastronomico.ch\/fr\/wp-json\/wp\/v2\/types\/mec-events"}],"author":[{"embeddable":true,"href":"https:\/\/ticino-gastronomico.ch\/fr\/wp-json\/wp\/v2\/users\/656"}],"replies":[{"embeddable":true,"href":"https:\/\/ticino-gastronomico.ch\/fr\/wp-json\/wp\/v2\/comments?post=31635"}],"wp:featuredmedia":[{"embeddable":true,"href":"https:\/\/ticino-gastronomico.ch\/fr\/wp-json\/wp\/v2\/media\/54070"}],"wp:attachment":[{"href":"https:\/\/ticino-gastronomico.ch\/fr\/wp-json\/wp\/v2\/media?parent=31635"}],"wp:term":[{"taxonomy":"mec_category","embeddable":true,"href":"https:\/\/ticino-gastronomico.ch\/fr\/wp-json\/wp\/v2\/mec_category?post=31635"},{"taxonomy":"mec_tag","embeddable":true,"href":"https:\/\/ticino-gastronomico.ch\/fr\/wp-json\/wp\/v2\/mec_tag?post=31635"}],"curies":[{"name":"wp","href":"https:\/\/api.w.org\/{rel}","templated":true}]}}

<h3>Good Taste revient <strong>du samedi 25 mai au dimanche 23 juin 2024</strong>!</h3>
<p>Le protagoniste de l&rsquo;événement gastronomique est le terroir de la Mesolcina et de la Calanca, qui implique 14 restaurants et grotti répartis dans toute la région, en Mesolcina, de San Vittore à San Bernardino, et dans la vallée de la Calanca, à Castaneda et Arvigo.</p>
<p>Des plats préparés avec des produits frais et locaux, grâce aux matières premières offertes par les producteurs des deux vallées alpines méridionales. Une combinaison qui évoque les coutumes et l&rsquo;histoire gastronomique de la région avec une pincée de créativité.</p>
<p>Les clients qui apprécieront les menus proposés dans la revue pourront repartir avec un délicieux panier de produits locaux à la fin de la revue, grâce à la possibilité de participer au concours. L&rsquo;attribution se fera par tirage au sort et pour chaque restaurant participant.</p>

<p>Good Taste revient du samedi 25 mai au dimanche 23 juin 2024! Le protagoniste de l&rsquo;événement gastronomique est le terroir de la Mesolcina et de la Calanca, qui implique 14 restaurants et grotti répartis dans toute la région, en Mesolcina, de San Vittore à San Bernardino, et dans la vallée de la Calanca, à Castaneda [&hellip;]</p>
