{"id":38698,"date":"2023-08-12T16:02:09","date_gmt":"2023-08-12T14:02:09","guid":{"rendered":"https:\/\/ticino-gastronomico.ch\/evento\/festival-wonderfood\/"},"modified":"2024-04-10T22:28:34","modified_gmt":"2024-04-10T20:28:34","slug":"festival-wonderfood","status":"publish","type":"mec-events","link":"https:\/\/ticino-gastronomico.ch\/fr\/evento\/festival-wonderfood\/","title":{"rendered":"Festival WonderFood"},"content":{"rendered":"<p>Manifestation <strong>STREET FOOD<\/strong>, Piazza della Chiesa &#8211; Chiasso<\/p>\n<p>Bienvenue au WonderFood Festival de Chiasso. Ce festival c\u00e9l\u00e8bre l&rsquo;excellence gastronomique, la culture culinaire et l&rsquo;art de la bonne ch\u00e8re.<\/p>\n<p>Pr\u00e9parez-vous \u00e0 vous immerger dans une exp\u00e9rience sensorielle inoubliable, o\u00f9 les saveurs, les ar\u00f4mes et les couleurs de la cuisine locale s&rsquo;unissent pour cr\u00e9er un festin pour les sens.<\/p>\n<p class=\"x11i5rnm xat24cr x1mh8g0r x1vvkbs xtlvy1s\">En utilisant principalement des mati\u00e8res premi\u00e8res locales, les chefs du festival cr\u00e9eront des plats extraordinaires qui vous surprendront.<\/p>\n<div dir=\"auto\">Un week-end intense de cuisine de rue, de march\u00e9s, de musique vibrante et d&rsquo;amusement pour toute la famille. D\u00e9couvrez les saveurs du monde, des artistes en direct et un espace r\u00e9serv\u00e9 aux enfants.<\/div>\n<div dir=\"auto\"><\/div>\n<div dir=\"auto\">Du 19 au 21 avril, rejoignez-nous pour une exp\u00e9rience culinaire et festive unique au Wonderfood Festival !<\/div>\n<p class=\"x11i5rnm xat24cr x1mh8g0r x1vvkbs xtlvy1s\"><span class=\"x3nfvp2 x1j61x8r x1fcty0u xdj266r xhhsvwb xat24cr xgzva0m xxymvpz xlup9mm x1kky2od\"><img decoding=\"async\" src=\"https:\/\/static.xx.fbcdn.net\/images\/emoji.php\/v9\/tff\/1\/16\/1f4c6.png\" alt=\"\ud83d\udcc6\" width=\"16\" height=\"16\" class=\"no-lazyload\"><\/span>  Date : 19 et 21 avril 2024<br \/>\n<span class=\"x3nfvp2 x1j61x8r x1fcty0u xdj266r xhhsvwb xat24cr xgzva0m xxymvpz xlup9mm x1kky2od\"><img decoding=\"async\" src=\"https:\/\/static.xx.fbcdn.net\/images\/emoji.php\/v9\/t34\/1\/16\/23f0.png\" alt=\"\u23f0\" width=\"16\" height=\"16\" class=\"no-lazyload\"><\/span>  Horaires : le vendredi de 17.00 \u00e0 23.00 puis de 09.00 \u00e0 23.00<br \/>\n<span class=\"x3nfvp2 x1j61x8r x1fcty0u xdj266r xhhsvwb xat24cr xgzva0m xxymvpz xlup9mm x1kky2od\"><img decoding=\"async\" src=\"https:\/\/static.xx.fbcdn.net\/images\/emoji.php\/v9\/t2d\/1\/16\/1f4cd.png\" alt=\"\ud83d\udccd\" width=\"16\" height=\"16\" class=\"no-lazyload\"><\/span>  Lieu : Piazza della Chiesa, Chiasso<\/p>\n<p class=\"x11i5rnm xat24cr x1mh8g0r x1vvkbs xtlvy1s\">Ne manquez pas l&rsquo;occasion de d\u00e9guster des sp\u00e9cialit\u00e9s culinaires du monde entier, de danser au son de la musique live et de soutenir les associations locales.<\/p>\n<p class=\"x11i5rnm xat24cr x1mh8g0r x1vvkbs xtlvy1s\">Amenez vos amis, votre famille et vos coll\u00e8gues pour partager une exp\u00e9rience culinaire unique !<\/p>\n","protected":false},"excerpt":{"rendered":"<p>Manifestation STREET FOOD, Piazza della Chiesa &#8211; Chiasso Bienvenue au WonderFood Festival de Chiasso. Ce festival c\u00e9l\u00e8bre l&rsquo;excellence gastronomique, la culture culinaire et l&rsquo;art de la bonne ch\u00e8re. Pr\u00e9parez-vous \u00e0 vous immerger dans une exp\u00e9rience sensorielle inoubliable, o\u00f9 les saveurs, les ar\u00f4mes et les couleurs de la cuisine locale s&rsquo;unissent pour cr\u00e9er un festin pour [&hellip;]<\/p>\n","protected":false},"author":656,"featured_media":53849,"comment_status":"open","ping_status":"closed","template":"","mec_category":[],"mec_tag":[186,524,525,523],"class_list":["post-38698","mec-events","type-mec-events","status-publish","has-post-thumbnail","hentry","mec_tag-birra-ticino","mec_tag-chiasso","mec_tag-food-truck","mec_tag-street-food"],"acf":[],"_links":{"self":[{"href":"https:\/\/ticino-gastronomico.ch\/fr\/wp-json\/wp\/v2\/mec-events\/38698","targetHints":{"allow":["GET"]}}],"collection":[{"href":"https:\/\/ticino-gastronomico.ch\/fr\/wp-json\/wp\/v2\/mec-events"}],"about":[{"href":"https:\/\/ticino-gastronomico.ch\/fr\/wp-json\/wp\/v2\/types\/mec-events"}],"author":[{"embeddable":true,"href":"https:\/\/ticino-gastronomico.ch\/fr\/wp-json\/wp\/v2\/users\/656"}],"replies":[{"embeddable":true,"href":"https:\/\/ticino-gastronomico.ch\/fr\/wp-json\/wp\/v2\/comments?post=38698"}],"wp:featuredmedia":[{"embeddable":true,"href":"https:\/\/ticino-gastronomico.ch\/fr\/wp-json\/wp\/v2\/media\/53849"}],"wp:attachment":[{"href":"https:\/\/ticino-gastronomico.ch\/fr\/wp-json\/wp\/v2\/media?parent=38698"}],"wp:term":[{"taxonomy":"mec_category","embeddable":true,"href":"https:\/\/ticino-gastronomico.ch\/fr\/wp-json\/wp\/v2\/mec_category?post=38698"},{"taxonomy":"mec_tag","embeddable":true,"href":"https:\/\/ticino-gastronomico.ch\/fr\/wp-json\/wp\/v2\/mec_tag?post=38698"}],"curies":[{"name":"wp","href":"https:\/\/api.w.org\/{rel}","templated":true}]}}

<p>Manifestation <strong>STREET FOOD</strong>, Piazza della Chiesa &#8211; Chiasso</p>
<p>Bienvenue au WonderFood Festival de Chiasso. Ce festival célèbre l&rsquo;excellence gastronomique, la culture culinaire et l&rsquo;art de la bonne chère.</p>
<p>Préparez-vous à vous immerger dans une expérience sensorielle inoubliable, où les saveurs, les arômes et les couleurs de la cuisine locale s&rsquo;unissent pour créer un festin pour les sens.</p>
<p class="x11i5rnm xat24cr x1mh8g0r x1vvkbs xtlvy1s">En utilisant principalement des matières premières locales, les chefs du festival créeront des plats extraordinaires qui vous surprendront.</p>
<div dir="auto">Un week-end intense de cuisine de rue, de marchés, de musique vibrante et d&rsquo;amusement pour toute la famille. Découvrez les saveurs du monde, des artistes en direct et un espace réservé aux enfants.</div>
<div dir="auto"></div>
<div dir="auto">Du 19 au 21 avril, rejoignez-nous pour une expérience culinaire et festive unique au Wonderfood Festival !</div>
<p class="x11i5rnm xat24cr x1mh8g0r x1vvkbs xtlvy1s"><span class="x3nfvp2 x1j61x8r x1fcty0u xdj266r xhhsvwb xat24cr xgzva0m xxymvpz xlup9mm x1kky2od"><img decoding="async" src="https://static.xx.fbcdn.net/images/emoji.php/v9/tff/1/16/1f4c6.png" alt="📆" width="16" height="16" class="no-lazyload"></span>  Date : 19 et 21 avril 2024<br />
<span class="x3nfvp2 x1j61x8r x1fcty0u xdj266r xhhsvwb xat24cr xgzva0m xxymvpz xlup9mm x1kky2od"><img decoding="async" src="https://static.xx.fbcdn.net/images/emoji.php/v9/t34/1/16/23f0.png" alt="⏰" width="16" height="16" class="no-lazyload"></span>  Horaires : le vendredi de 17.00 à 23.00 puis de 09.00 à 23.00<br />
<span class="x3nfvp2 x1j61x8r x1fcty0u xdj266r xhhsvwb xat24cr xgzva0m xxymvpz xlup9mm x1kky2od"><img decoding="async" src="https://static.xx.fbcdn.net/images/emoji.php/v9/t2d/1/16/1f4cd.png" alt="📍" width="16" height="16" class="no-lazyload"></span>  Lieu : Piazza della Chiesa, Chiasso</p>
<p class="x11i5rnm xat24cr x1mh8g0r x1vvkbs xtlvy1s">Ne manquez pas l&rsquo;occasion de déguster des spécialités culinaires du monde entier, de danser au son de la musique live et de soutenir les associations locales.</p>
<p class="x11i5rnm xat24cr x1mh8g0r x1vvkbs xtlvy1s">Amenez vos amis, votre famille et vos collègues pour partager une expérience culinaire unique !</p>

<p>Manifestation STREET FOOD, Piazza della Chiesa &#8211; Chiasso Bienvenue au WonderFood Festival de Chiasso. Ce festival célèbre l&rsquo;excellence gastronomique, la culture culinaire et l&rsquo;art de la bonne chère. Préparez-vous à vous immerger dans une expérience sensorielle inoubliable, où les saveurs, les arômes et les couleurs de la cuisine locale s&rsquo;unissent pour créer un festin pour [&hellip;]</p>
