{"id":39620,"date":"2023-08-20T12:52:51","date_gmt":"2023-08-20T10:52:51","guid":{"rendered":"https:\/\/ticino-gastronomico.ch\/evento\/festival-du-moulin-de-bruzella\/"},"modified":"2023-08-20T12:52:51","modified_gmt":"2023-08-20T10:52:51","slug":"festival-du-moulin-de-bruzella","status":"publish","type":"mec-events","link":"https:\/\/ticino-gastronomico.ch\/fr\/evento\/festival-du-moulin-de-bruzella\/","title":{"rendered":"Festival du moulin de Bruzella"},"content":{"rendered":"<p>Comme chaque ann\u00e9e, le <em>mus\u00e9e ethnographique de la vall\u00e9e de Muggio <\/em>organise la <strong>traditionnelle f\u00eate du moulin<\/strong> le dernier dimanche d&rsquo;ao\u00fbt.<\/p>\n<p>D\u00e9jeuner <em>\u00e0 partir de 12h15<\/em> avec :<\/p>\n<ul>\n<li>pain de ma\u00efs avec charcuterie et fromage<\/li>\n<li>polenta pr\u00e9par\u00e9e avec de la farine moulue localement et servie avec\n<ul>\n<li>fromages<\/li>\n<li>bruscitt\u00a0\u00bb (nouvelle proposition)<\/li>\n<li>lait<\/li>\n<\/ul>\n<\/li>\n<li>ou polenta uncia<\/li>\n<li>g\u00e2teaux faits maison<\/li>\n<\/ul>\n<p>suivie de musique, d&rsquo;une buvette, d&rsquo;une tombola et de la possibilit\u00e9 de visiter le moulin en activit\u00e9 et d&rsquo;acheter des produits de meunerie traditionnels.<\/p>\n<p>Compte tenu du nombre limit\u00e9 de places de stationnement, nous encourageons vivement l&rsquo;utilisation des transports publics pour se rendre \u00e0 Bruzella ou \u00e0 Cabbio.<\/p>\n<p><strong>ATTENTION : r\u00e9servation obligatoire par email : <\/strong><a href=\"mailto:eventi@mevm.ch\"><br \/>\n  <strong>eventi@mevm.ch<\/strong><br \/>\n<\/a><br \/>\n<strong>(indiquer le nom, le nombre de participants et le num\u00e9ro de t\u00e9l\u00e9phone)<\/strong><\/p>\n","protected":false},"excerpt":{"rendered":"<p>Comme chaque ann\u00e9e, le mus\u00e9e ethnographique de la vall\u00e9e de Muggio organise la traditionnelle f\u00eate du moulin le dernier dimanche d&rsquo;ao\u00fbt. D\u00e9jeuner \u00e0 partir de 12h15 avec : pain de ma\u00efs avec charcuterie et fromage polenta pr\u00e9par\u00e9e avec de la farine moulue localement et servie avec fromages bruscitt\u00a0\u00bb (nouvelle proposition) lait ou polenta uncia g\u00e2teaux [&hellip;]<\/p>\n","protected":false},"author":656,"featured_media":39616,"comment_status":"open","ping_status":"closed","template":"","mec_category":[],"mec_tag":[189,199,548],"class_list":["post-39620","mec-events","type-mec-events","status-publish","has-post-thumbnail","hentry","mec_tag-gastronomia","mec_tag-mendrisiotto","mec_tag-val-di-muggio"],"acf":[],"_links":{"self":[{"href":"https:\/\/ticino-gastronomico.ch\/fr\/wp-json\/wp\/v2\/mec-events\/39620","targetHints":{"allow":["GET"]}}],"collection":[{"href":"https:\/\/ticino-gastronomico.ch\/fr\/wp-json\/wp\/v2\/mec-events"}],"about":[{"href":"https:\/\/ticino-gastronomico.ch\/fr\/wp-json\/wp\/v2\/types\/mec-events"}],"author":[{"embeddable":true,"href":"https:\/\/ticino-gastronomico.ch\/fr\/wp-json\/wp\/v2\/users\/656"}],"replies":[{"embeddable":true,"href":"https:\/\/ticino-gastronomico.ch\/fr\/wp-json\/wp\/v2\/comments?post=39620"}],"wp:featuredmedia":[{"embeddable":true,"href":"https:\/\/ticino-gastronomico.ch\/fr\/wp-json\/wp\/v2\/media\/39616"}],"wp:attachment":[{"href":"https:\/\/ticino-gastronomico.ch\/fr\/wp-json\/wp\/v2\/media?parent=39620"}],"wp:term":[{"taxonomy":"mec_category","embeddable":true,"href":"https:\/\/ticino-gastronomico.ch\/fr\/wp-json\/wp\/v2\/mec_category?post=39620"},{"taxonomy":"mec_tag","embeddable":true,"href":"https:\/\/ticino-gastronomico.ch\/fr\/wp-json\/wp\/v2\/mec_tag?post=39620"}],"curies":[{"name":"wp","href":"https:\/\/api.w.org\/{rel}","templated":true}]}}

<p>Comme chaque année, le <em>musée ethnographique de la vallée de Muggio </em>organise la <strong>traditionnelle fête du moulin</strong> le dernier dimanche d&rsquo;août.</p>
<p>Déjeuner <em>à partir de 12h15</em> avec :</p>
<ul>
<li>pain de maïs avec charcuterie et fromage</li>
<li>polenta préparée avec de la farine moulue localement et servie avec
<ul>
<li>fromages</li>
<li>bruscitt » (nouvelle proposition)</li>
<li>lait</li>
</ul>
</li>
<li>ou polenta uncia</li>
<li>gâteaux faits maison</li>
</ul>
<p>suivie de musique, d&rsquo;une buvette, d&rsquo;une tombola et de la possibilité de visiter le moulin en activité et d&rsquo;acheter des produits de meunerie traditionnels.</p>
<p>Compte tenu du nombre limité de places de stationnement, nous encourageons vivement l&rsquo;utilisation des transports publics pour se rendre à Bruzella ou à Cabbio.</p>
<p><strong>ATTENTION : réservation obligatoire par email : </strong><a href="mailto:eventi@mevm.ch"><br />
  <strong>eventi@mevm.ch</strong><br />
</a><br />
<strong>(indiquer le nom, le nombre de participants et le numéro de téléphone)</strong></p>

<p>Comme chaque année, le musée ethnographique de la vallée de Muggio organise la traditionnelle fête du moulin le dernier dimanche d&rsquo;août. Déjeuner à partir de 12h15 avec : pain de maïs avec charcuterie et fromage polenta préparée avec de la farine moulue localement et servie avec fromages bruscitt » (nouvelle proposition) lait ou polenta uncia gâteaux [&hellip;]</p>
