{"id":5575,"date":"2023-09-09T18:21:36","date_gmt":"2023-09-09T16:21:36","guid":{"rendered":"https:\/\/ticino-gastronomico.ch\/evento\/automne-gastronomique-lac-majeur-et-vallees\/"},"modified":"2023-09-09T18:20:53","modified_gmt":"2023-09-09T16:20:53","slug":"automne-gastronomique-lac-majeur-et-vallees","status":"publish","type":"mec-events","link":"https:\/\/ticino-gastronomico.ch\/fr\/evento\/automne-gastronomique-lac-majeur-et-vallees\/","title":{"rendered":"Automne gastronomique Lac Majeur et vall\u00e9es"},"content":{"rendered":"<p>Alors que les arbres commencent \u00e0 se colorer et que l&rsquo;odeur des ch\u00e2taignes grill\u00e9es envahit les rues, les cuisines de la r\u00e9gion d&rsquo;Ascona-Locarno se pr\u00e9parent \u00e0 offrir des d\u00e9lices en plein essor.<br \/>\nL&rsquo;automne offre un large choix de produits locaux, qui sont transform\u00e9s en plats d\u00e9licieux dans les restaurants et grotti de la r\u00e9gion.<br \/>\nEt \u00e0 cette \u00e9poque, gr\u00e2ce aux semaines culinaires de la gastronomie d&rsquo;automne, les casseroles gr\u00e9sillent pour pr\u00e9parer des plats traditionnels avec des ingr\u00e9dients frais de nos for\u00eats et de nos vall\u00e9es.<br \/>\nL&rsquo;automne gastronomique comprend plus de 50 restaurants et un large \u00e9ventail de sp\u00e9cialit\u00e9s.<\/p>\n","protected":false},"excerpt":{"rendered":"<p>Alors que les arbres commencent \u00e0 se colorer et que l&rsquo;odeur des ch\u00e2taignes grill\u00e9es envahit les rues, les cuisines de la r\u00e9gion d&rsquo;Ascona-Locarno se pr\u00e9parent \u00e0 offrir des d\u00e9lices en plein essor. L&rsquo;automne offre un large choix de produits locaux, qui sont transform\u00e9s en plats d\u00e9licieux dans les restaurants et grotti de la r\u00e9gion. Et [&hellip;]<\/p>\n","protected":false},"author":656,"featured_media":5260,"comment_status":"open","ping_status":"closed","template":"","mec_category":[],"mec_tag":[198],"class_list":["post-5575","mec-events","type-mec-events","status-publish","has-post-thumbnail","hentry","mec_tag-rassegna-gastronomica"],"acf":[],"_links":{"self":[{"href":"https:\/\/ticino-gastronomico.ch\/fr\/wp-json\/wp\/v2\/mec-events\/5575","targetHints":{"allow":["GET"]}}],"collection":[{"href":"https:\/\/ticino-gastronomico.ch\/fr\/wp-json\/wp\/v2\/mec-events"}],"about":[{"href":"https:\/\/ticino-gastronomico.ch\/fr\/wp-json\/wp\/v2\/types\/mec-events"}],"author":[{"embeddable":true,"href":"https:\/\/ticino-gastronomico.ch\/fr\/wp-json\/wp\/v2\/users\/656"}],"replies":[{"embeddable":true,"href":"https:\/\/ticino-gastronomico.ch\/fr\/wp-json\/wp\/v2\/comments?post=5575"}],"wp:featuredmedia":[{"embeddable":true,"href":"https:\/\/ticino-gastronomico.ch\/fr\/wp-json\/wp\/v2\/media\/5260"}],"wp:attachment":[{"href":"https:\/\/ticino-gastronomico.ch\/fr\/wp-json\/wp\/v2\/media?parent=5575"}],"wp:term":[{"taxonomy":"mec_category","embeddable":true,"href":"https:\/\/ticino-gastronomico.ch\/fr\/wp-json\/wp\/v2\/mec_category?post=5575"},{"taxonomy":"mec_tag","embeddable":true,"href":"https:\/\/ticino-gastronomico.ch\/fr\/wp-json\/wp\/v2\/mec_tag?post=5575"}],"curies":[{"name":"wp","href":"https:\/\/api.w.org\/{rel}","templated":true}]}}

Automne gastronomique Lac Majeur et vallées

<p>Alors que les arbres commencent à se colorer et que l&rsquo;odeur des châtaignes grillées envahit les rues, les cuisines de la région d&rsquo;Ascona-Locarno se préparent à offrir des délices en plein essor.<br />
L&rsquo;automne offre un large choix de produits locaux, qui sont transformés en plats délicieux dans les restaurants et grotti de la région.<br />
Et à cette époque, grâce aux semaines culinaires de la gastronomie d&rsquo;automne, les casseroles grésillent pour préparer des plats traditionnels avec des ingrédients frais de nos forêts et de nos vallées.<br />
L&rsquo;automne gastronomique comprend plus de 50 restaurants et un large éventail de spécialités.</p>

<p>Alors que les arbres commencent à se colorer et que l&rsquo;odeur des châtaignes grillées envahit les rues, les cuisines de la région d&rsquo;Ascona-Locarno se préparent à offrir des délices en plein essor. L&rsquo;automne offre un large choix de produits locaux, qui sont transformés en plats délicieux dans les restaurants et grotti de la région. Et [&hellip;]</p>
