{"id":6614,"date":"2022-08-21T15:14:21","date_gmt":"2022-08-21T13:14:21","guid":{"rendered":"https:\/\/ticino-gastronomico.ch\/evento\/revue-gastronomique-de-la-region-du-mendrisiotto-et-du-bas-ceresio\/"},"modified":"2023-10-02T22:59:47","modified_gmt":"2023-10-02T20:59:47","slug":"revue-gastronomique-de-la-region-du-mendrisiotto-et-du-bas-ceresio","status":"publish","type":"mec-events","link":"https:\/\/ticino-gastronomico.ch\/fr\/evento\/revue-gastronomique-de-la-region-du-mendrisiotto-et-du-bas-ceresio\/","title":{"rendered":"Revue gastronomique de la r\u00e9gion du Mendrisiotto et du Bas Ceresio"},"content":{"rendered":"<p>Les restaurants, grotti et tavernes du Mendrisiotto, ainsi que l&rsquo;h\u00f4te, seul \u00e9tablissement situ\u00e9 en dehors de la r\u00e9gion, proposent \u00e0 leurs <strong>fid\u00e8les clients<\/strong> les plats les plus traditionnels de l&rsquo;automne gastronomique.<\/p>\n<p>Les amateurs de plats ou de menus de la Revue b\u00e9n\u00e9ficieront d&rsquo;une exp\u00e9rience int\u00e9ressante.  <strong>gratuitement<\/strong>, et en collectionnant les cachets de 8 restaurants diff\u00e9rents visit\u00e9s sur une carte sp\u00e9ciale, vous obtiendrez une carte d&rsquo;identit\u00e9.  <strong>PRIX DE FIDELITE,<\/strong> qui correspond et compl\u00e8te le cadeau re\u00e7u \u00e0 chaque fois, accompagn\u00e9 d&rsquo;un cadeau sp\u00e9cial offert par le partenaire m\u00e9dia de l&rsquo;\u00e9v\u00e9nement, \u00e0 savoir le groupe  <strong>MediaTI.<\/strong><\/p>\n<p>Pour les familles avec enfants, de nombreux restaurants proposent un plat <strong>sur mesure<\/strong>: tout en d\u00e9gustant ces plats qui leur sont d\u00e9di\u00e9s, les b\u00e9b\u00e9s invit\u00e9s re\u00e7oivent un petit cadeau et ont la possibilit\u00e9 de participer \u00e0 un<strong> concours de dessin<\/strong> amusant.<\/p>\n<p>Chaque ann\u00e9e, la Rassegna Gastronomica organise un concours entre les <strong>producteurs de vin de tout le canton du Tessin<\/strong>, sp\u00e9cialement pour l&rsquo;\u00e9v\u00e9nement. Le meilleur produit parmi ceux qui ont \u00e9t\u00e9 soumis est s\u00e9lectionn\u00e9 lors d&rsquo;une d\u00e9gustation professionnelle par des experts en la mati\u00e8re et devient officiellement le vin de l&rsquo;ann\u00e9e. Il convient de noter que, du premier jour de la r\u00e9vision jusqu&rsquo;au d\u00e9but de la r\u00e9vision de l&rsquo;ann\u00e9e suivante, cet excellent vin fait l&rsquo;objet d&rsquo;une promotion \u00e0 un <strong>prix tr\u00e8s comp\u00e9titif<\/strong> dans tous les restaurants participants.<\/p>\n<p>Depuis plusieurs ann\u00e9es, la <strong>Banca Popolare di Sondrio<\/strong> <strong>(SUISSE)<\/strong> soutient avec enthousiasme le traditionnel \u00e9v\u00e9nement gastronomique de la r\u00e9gion du Mendrisiotto et offre des prix fantastiques tir\u00e9s au sort parmi les personnes qui remplissent le passeport de fid\u00e9lit\u00e9.<\/p>\n","protected":false},"excerpt":{"rendered":"<p>Les restaurants, grotti et tavernes du Mendrisiotto, ainsi que l&rsquo;h\u00f4te, seul \u00e9tablissement situ\u00e9 en dehors de la r\u00e9gion, proposent \u00e0 leurs fid\u00e8les clients les plats les plus traditionnels de l&rsquo;automne gastronomique. Les amateurs de plats ou de menus de la Revue b\u00e9n\u00e9ficieront d&rsquo;une exp\u00e9rience int\u00e9ressante. gratuitement, et en collectionnant les cachets de 8 restaurants diff\u00e9rents [&hellip;]<\/p>\n","protected":false},"author":656,"featured_media":5266,"comment_status":"open","ping_status":"closed","template":"","mec_category":[],"mec_tag":[570,199,198,569],"class_list":["post-6614","mec-events","type-mec-events","status-publish","has-post-thumbnail","hentry","mec_tag-grotti-mendrisio","mec_tag-mendrisiotto","mec_tag-rassegna-gastronomica","mec_tag-ristoranti-mendrisio"],"acf":[],"_links":{"self":[{"href":"https:\/\/ticino-gastronomico.ch\/fr\/wp-json\/wp\/v2\/mec-events\/6614","targetHints":{"allow":["GET"]}}],"collection":[{"href":"https:\/\/ticino-gastronomico.ch\/fr\/wp-json\/wp\/v2\/mec-events"}],"about":[{"href":"https:\/\/ticino-gastronomico.ch\/fr\/wp-json\/wp\/v2\/types\/mec-events"}],"author":[{"embeddable":true,"href":"https:\/\/ticino-gastronomico.ch\/fr\/wp-json\/wp\/v2\/users\/656"}],"replies":[{"embeddable":true,"href":"https:\/\/ticino-gastronomico.ch\/fr\/wp-json\/wp\/v2\/comments?post=6614"}],"wp:featuredmedia":[{"embeddable":true,"href":"https:\/\/ticino-gastronomico.ch\/fr\/wp-json\/wp\/v2\/media\/5266"}],"wp:attachment":[{"href":"https:\/\/ticino-gastronomico.ch\/fr\/wp-json\/wp\/v2\/media?parent=6614"}],"wp:term":[{"taxonomy":"mec_category","embeddable":true,"href":"https:\/\/ticino-gastronomico.ch\/fr\/wp-json\/wp\/v2\/mec_category?post=6614"},{"taxonomy":"mec_tag","embeddable":true,"href":"https:\/\/ticino-gastronomico.ch\/fr\/wp-json\/wp\/v2\/mec_tag?post=6614"}],"curies":[{"name":"wp","href":"https:\/\/api.w.org\/{rel}","templated":true}]}}

Revue gastronomique de la région du Mendrisiotto et du Bas Ceresio

<p>Les restaurants, grotti et tavernes du Mendrisiotto, ainsi que l&rsquo;hôte, seul établissement situé en dehors de la région, proposent à leurs <strong>fidèles clients</strong> les plats les plus traditionnels de l&rsquo;automne gastronomique.</p>
<p>Les amateurs de plats ou de menus de la Revue bénéficieront d&rsquo;une expérience intéressante.  <strong>gratuitement</strong>, et en collectionnant les cachets de 8 restaurants différents visités sur une carte spéciale, vous obtiendrez une carte d&rsquo;identité.  <strong>PRIX DE FIDELITE,</strong> qui correspond et complète le cadeau reçu à chaque fois, accompagné d&rsquo;un cadeau spécial offert par le partenaire média de l&rsquo;événement, à savoir le groupe  <strong>MediaTI.</strong></p>
<p>Pour les familles avec enfants, de nombreux restaurants proposent un plat <strong>sur mesure</strong>: tout en dégustant ces plats qui leur sont dédiés, les bébés invités reçoivent un petit cadeau et ont la possibilité de participer à un<strong> concours de dessin</strong> amusant.</p>
<p>Chaque année, la Rassegna Gastronomica organise un concours entre les <strong>producteurs de vin de tout le canton du Tessin</strong>, spécialement pour l&rsquo;événement. Le meilleur produit parmi ceux qui ont été soumis est sélectionné lors d&rsquo;une dégustation professionnelle par des experts en la matière et devient officiellement le vin de l&rsquo;année. Il convient de noter que, du premier jour de la révision jusqu&rsquo;au début de la révision de l&rsquo;année suivante, cet excellent vin fait l&rsquo;objet d&rsquo;une promotion à un <strong>prix très compétitif</strong> dans tous les restaurants participants.</p>
<p>Depuis plusieurs années, la <strong>Banca Popolare di Sondrio</strong> <strong>(SUISSE)</strong> soutient avec enthousiasme le traditionnel événement gastronomique de la région du Mendrisiotto et offre des prix fantastiques tirés au sort parmi les personnes qui remplissent le passeport de fidélité.</p>

<p>Les restaurants, grotti et tavernes du Mendrisiotto, ainsi que l&rsquo;hôte, seul établissement situé en dehors de la région, proposent à leurs fidèles clients les plats les plus traditionnels de l&rsquo;automne gastronomique. Les amateurs de plats ou de menus de la Revue bénéficieront d&rsquo;une expérience intéressante. gratuitement, et en collectionnant les cachets de 8 restaurants différents [&hellip;]</p>
